{"id":31,"date":"2018-02-05T13:49:42","date_gmt":"2018-02-05T13:49:42","guid":{"rendered":"http:\/\/www.2nd-tg.ch\/?page_id=31"},"modified":"2024-01-28T19:26:12","modified_gmt":"2024-01-28T19:26:12","slug":"ueber-uns","status":"publish","type":"page","link":"https:\/\/www.2nd-tg.ch\/?page_id=31","title":{"rendered":"\u00fcber uns"},"content":{"rendered":"\n<p class=\"has-medium-font-size\" style=\"font-style:normal;font-weight:600\">Secondhandshop &#8211; von Frauen f\u00fcr Frauen<\/p>\n\n\n\n<p class=\"has-small-font-size\" style=\"font-style:normal;font-weight:200\">2nd ist ein Secondhandgesch\u00e4ft von Frauen f\u00fcr Frauen, etwas Shoppen und einen Kaffee oder Tee geniessen&#8230;himmlisch<\/p>\n\n\n\n<p class=\"has-small-font-size\" style=\"font-style:normal;font-weight:300\">Stilvoll eingerichtet wollen wir den Menschen ein Shoppingerlebnis bieten.&nbsp;<\/p>\n\n\n\n<p class=\"has-small-font-size\" style=\"font-style:normal;font-weight:300\">Mit den Secondhandlokalen m\u00f6chten wir das Prinzip einer zweiten Chance leben. Nicht nur die gespendeten Kleider erhalten eine zweite Chance, sondern auch Menschen die in ihrem Leben eine Neuorientierung anpacken m\u00f6chten.  Wir sind \u00fcberzeugt dass es sich lohnt in Neuanf\u00e4nge zu investieren und eine zweite Chance viele neue M\u00f6glichkeiten bieten kann. <\/p>\n\n\n\n<p class=\"has-small-font-size\" style=\"font-style:normal;font-weight:300\">Die Einnahmen fliessen vollumf\u00e4nglich in die&nbsp;Vereinskasse von Blossom. Blossom ist ein Verein mit Sitz in Sulgen und ein seelsorgerlicher Dienst im Thurgauer Milieu.<\/p>\n\n\n\n<p class=\"has-medium-font-size\" style=\"font-style:normal;font-weight:300\"><\/p>\n","protected":false},"excerpt":{"rendered":"<p>Secondhandshop &#8211; von Frauen f\u00fcr Frauen 2nd ist ein Secondhandgesch\u00e4ft von Frauen f\u00fcr Frauen, etwas Shoppen und einen Kaffee oder Tee geniessen&#8230;himmlisch Stilvoll eingerichtet wollen wir den Menschen ein Shoppingerlebnis bieten.&nbsp; Mit den Secondhandlokalen m\u00f6chten wir das Prinzip einer zweiten Chance leben. Nicht nur die gespendeten Kleider erhalten eine zweite Chance, sondern auch Menschen die [&hellip;]<\/p>\n","protected":false},"author":1,"featured_media":0,"parent":0,"menu_order":0,"comment_status":"closed","ping_status":"closed","template":"page-large-header","meta":{"footnotes":""},"class_list":["post-31","page","type-page","status-publish","hentry"],"jetpack_sharing_enabled":true,"_links":{"self":[{"href":"https:\/\/www.2nd-tg.ch\/index.php?rest_route=\/wp\/v2\/pages\/31","targetHints":{"allow":["GET"]}}],"collection":[{"href":"https:\/\/www.2nd-tg.ch\/index.php?rest_route=\/wp\/v2\/pages"}],"about":[{"href":"https:\/\/www.2nd-tg.ch\/index.php?rest_route=\/wp\/v2\/types\/page"}],"author":[{"embeddable":true,"href":"https:\/\/www.2nd-tg.ch\/index.php?rest_route=\/wp\/v2\/users\/1"}],"replies":[{"embeddable":true,"href":"https:\/\/www.2nd-tg.ch\/index.php?rest_route=%2Fwp%2Fv2%2Fcomments&post=31"}],"version-history":[{"count":16,"href":"https:\/\/www.2nd-tg.ch\/index.php?rest_route=\/wp\/v2\/pages\/31\/revisions"}],"predecessor-version":[{"id":268340,"href":"https:\/\/www.2nd-tg.ch\/index.php?rest_route=\/wp\/v2\/pages\/31\/revisions\/268340"}],"wp:attachment":[{"href":"https:\/\/www.2nd-tg.ch\/index.php?rest_route=%2Fwp%2Fv2%2Fmedia&parent=31"}],"curies":[{"name":"wp","href":"https:\/\/api.w.org\/{rel}","templated":true}]}}